{"id":250,"date":"2026-03-25T11:30:45","date_gmt":"2026-03-25T14:30:45","guid":{"rendered":"https:\/\/renacertech.net\/creativia24h\/?page_id=250"},"modified":"2026-04-23T13:50:52","modified_gmt":"2026-04-23T16:50:52","slug":"mentescreativas","status":"publish","type":"page","link":"https:\/\/renacertech.net\/creativia24h\/mentescreativas\/","title":{"rendered":"Pilar N\u00b0 1 del ADN"},"content":{"rendered":"\n\n\n\n<h3>&nbsp;&nbsp;<br>Estrategias para fomentar&nbsp;la agencia, el liderazgo y la creatividad de los estudiantes como agentes de cambio.<\/h3>\n<p>&nbsp; &nbsp;<\/p>\n\n\n\n\n<h2>Ponencias:<\/h2>\n\n\n\n\n\n<div class=\"creativia-ponencia-card\">\n\n    <div class=\"ponencia-info-top\">\n        <p><span class=\"ponencia-label\">Horario:<\/span> <span class=\"ponencia-value\">0 AM (M\u00e9x.) &#8211; 3 AM (Arg.) &#8211; 8 AM (Esp.)<\/span><\/p>\n        <p><span class=\"ponencia-label\">T\u00edtulo:<\/span> <span class=\"ponencia-value-titulo\">Creatividad y pensamiento de dise\u00f1o: Una dupla para impulsar el cambio social desde el aula.<\/span><\/p>\n        <p class=\"ponencia-description\">Esta propuesta muestra c\u00f3mo se puede iniciar a los estudiantes de nivel secundario en el camino del pensamiento de dise\u00f1o fomentando su creatividad para la resoluci\u00f3n de problemas complejos alineados con los Objetivos de Desarrollo Sostenible y el desarrollo de perspectivas globales. Durante la presentaci\u00f3n se trabajar\u00e1 con los cinco pasos fundamentales del pensamiento de dise\u00f1o y los mismos ser\u00e1n ejemplificados a trav\u00e9s de proyectos concretos desarrollados por estudiantes en una escuela secundaria p\u00fablica. La presentaci\u00f3n pretende ser inspiradora para que otros docentes puedan llevar la creatividad a sus aulas de la mano de esta metodolog\u00eda.<\/p>\n    <\/div>\n\n    <div class=\"ponencia-speaker-area\">\n        \n        <div class=\"ponencia-speaker-id\">\n            <img decoding=\"async\" src=\"https:\/\/renacertech.net\/creativia24h\/wp-content\/uploads\/2026\/03\/Carnicero-Silvana.jpg\" alt=\"Silvana Carnicero\" class=\"ponencia-speaker-img\">\n            \n            <p class=\"ponente-name\">Silvana Carnicero<\/p>\n            <p class=\"ponente-country\">Buenos Aires<\/p>\n<p class=\"ponente-email\">silvanacar01@yahoo.com.ar<\/p>\n        <\/div>\n        \n        <div class=\"ponencia-speaker-bio\">\n            <p class=\"ponente-label-bio\">Bio:<\/p>\n            <p class=\"ponente-text-bio\">\n                Licenciada en Educaci\u00f3n y Mag\u00edster en Tecnolog\u00eda Educativa(UBA). Actualmente realizando el Doctorado en Psicolog\u00eda Educativa y Ciencias de la Educaci\u00f3n en Universidad de Le\u00f3n, Espa\u00f1a. M\u00e1s de veinte a\u00f1os de experiencia como docente de ingl\u00e9s en los distintos niveles del sistema educativo formal incluyendo educaci\u00f3n superior y formaci\u00f3n docente. Profesora de Did\u00e1ctica en el IES Lenguas Vivas. Sus \u00e1reas de inter\u00e9s son las metodolog\u00edas activas mediadas por tecnolog\u00edas, los proyectos telecolaborativos globales, COIL y la educaci\u00f3n para la sustentabilidad. Finalista del Global Teacher Prize 2028 por Argentina.\n            <\/p>\n        <\/div>\n    <\/div>\n\n    <div class=\"ponencia-social-area\">\n        <span class=\"ponencia-label\">Redes Sociales:<\/span>\n        <a href=\"#\" target=\"_blank\" class=\"ponencia-social-icon\" title=\"LinkedIn\">Li<\/a>\n        <a href=\"#\" target=\"_blank\" class=\"ponencia-social-icon\" title=\"Twitter\/X\">X<\/a>\n        <a href=\"#\" target=\"_blank\" class=\"ponencia-social-icon\" title=\"Facebook\">Fb<\/a>\n    <\/div>\n<div class=\"ponencia-social-area\">\n        <span class=\"ponencia-label\">PONENCIA EN VIVO:<\/span>\n        <a href=\"https:\/\/www.youtube.com\/watch?v=tHPVvGNqR24\" target=\"_blank\" class=\"ponencia-social-icon\" title=\"YouTube\">YT<\/a>\n\n\n<\/div>\n<\/div>\n\n\n\n\n<div class=\"creativia-ponencia-card\">\n\n    <div class=\"ponencia-info-top\">\n        <p><span class=\"ponencia-label\">Horario:<\/span> <span class=\"ponencia-value\">6 AM (M\u00e9x.) \u2013 9 AM (Arg.) \u2013 2 PM (Espa\u00f1a)<\/span><\/p>\n        <p><span class=\"ponencia-label\">T\u00edtulo:<\/span> <span class=\"ponencia-value-titulo\">Triada para el desarrollo sostenible de las organizaciones: un acercamiento desde los ambientes de formaci\u00f3n hacia el ecosistema empresarial.<\/span><\/p>\n        <p class=\"ponencia-description\">&#8220;El presente trabajo propone integrar la investigaci\u00f3n, innovaci\u00f3n y emprendimiento como una tr\u00edada esencial para el desarrollo sostenible en las organizaciones. Tras analizar instituciones colombianas, se evidencia que los estudiantes suelen ver el emprendimiento solo como un requisito acad\u00e9mico. Por ello, el estudio sugiere reestructurar curr\u00edculos y metodolog\u00edas en tres fases para transformar proyectos de aula en soluciones empresariales reales, brindando herramientas t\u00e9cnicas que permitan convertir ideas innovadoras en modelos de negocio sostenibles&#8221;.<\/p>\n    <\/div>\n\n    <div class=\"ponencia-speaker-area\">\n        \n        <div class=\"ponencia-speaker-id\">\n            <img decoding=\"async\" src=\"https:\/\/renacertech.net\/creativia24h\/wp-content\/uploads\/2026\/03\/Edgardo-Munive-Mendoza2.png\" alt=\"Pere Marqu\u00e9s\" class=\"ponencia-speaker-img\">\n            \n            <p class=\"ponente-name\">Edgardo Munive Mendoza<\/p>\n            <p class=\"ponente-country\">San Juan del Cesar, La Guajira Colombia<\/p>\n<p class=\"ponente-email\">emunive@infotep.edu.co<\/p>\n\n        <\/div>\n        \n        <div class=\"ponencia-speaker-bio\">\n            <p class=\"ponente-label-bio\"><\/p>\n            <p class=\"ponente-text-bio\">.             <\/p>\n        <\/div>\n    <\/div>\n\n    <div class=\"ponencia-social-area\">\n        <span class=\"ponencia-label\">Redes Sociales:<\/span>\n        <a href=\"https:\/\/x.com\/peremarques\" target=\"_blank\" class=\"ponencia-social-icon\" title=\"Twitter\/X\">X<\/a>\n    <\/div>\n<div class=\"ponencia-social-area\">\n        <span class=\"ponencia-label\">PONENCIA EN VIVO:<\/span>\n        <a href=\"https:\/\/www.youtube.com\/watch?v=pl64kY4vMd0\" target=\"_blank\" class=\"ponencia-social-icon\" title=\"YouTube\">YT<\/a>\n\n<\/div>\n<div class=\"creativia-ponencia-card\">\n\n    <div class=\"ponencia-info-top\">\n        <p><span class=\"ponencia-label\">Horario:<\/span> <span class=\"ponencia-value\">7 AM (M\u00e9x.) \u2013 10 AM (Arg.) \u2013 3 PM (Espa\u00f1a)<\/span><\/p>\n        <p><span class=\"ponencia-label\">T\u00edtulo:<\/span> <span class=\"ponencia-value-titulo\">Educaci\u00f3n del aprendizaje a la conciencia.<\/span><\/p>\n        <p class=\"ponencia-description\">Si de educaci\u00f3n plena se trata, no basta con aprender (adquirir significados). Igual que el alpinista, que al llegar al campamento base debe soltar peso, o como los seres vivos que crecen desprendi\u00e9ndose de lo que sobra (c\u00e9lulas, exoesqueleto, etc.), educar exige perder, eliminar y descondicionarse, adem\u00e1s de incluir la meditaci\u00f3n (no mindfulness), donde no hay ni adquisici\u00f3n ni p\u00e9rdida. La vida muestra que la educaci\u00f3n, entendida solo como aprendizaje, es perif\u00e9rica e insuficiente. Esta profundidad olvidada es justamente lo que aporta el paradigma radical e inclusivo de la Pedagog\u00eda.<\/p>\n    <\/div>\n\n    <div class=\"ponencia-speaker-area\">\n        \n        <div class=\"ponencia-speaker-id\">\n            <img decoding=\"async\" src=\"https:\/\/renacertech.net\/creativia24h\/wp-content\/uploads\/2026\/03\/Agustin2.png\" alt=\"Agust\u00edn de la Herr\u00e1n Gasc\u00f3n\" class=\"ponencia-speaker-img\">\n            \n            <p class=\"ponente-name\">Agust\u00edn de la Herr\u00e1n Gasc\u00f3n<\/p>\n            <p class=\"ponente-country\">Espa\u00f1a<\/p>\n<p class=\"ponente-email\">agustin.delaherran@uam.es<\/p>\n\n\n        <\/div>\n        \n        <div class=\"ponencia-speaker-bio\">\n            <p class=\"ponente-label-bio\">Bio:<\/p>\n            <p class=\"ponente-text-bio\">Pedagogo y Profesor Titular de Universidad en el Departamento de Pedagog\u00eda de la Universidad Aut\u00f3noma de Madrid. Est\u00e1 acreditado como Catedr\u00e1tico por ANECA (2023). Coordina el grupo de investigaci\u00f3n \u201cPedagog\u00eda, formaci\u00f3n y conciencia\u201d. Desde hace m\u00e1s de tres d\u00e9cadas estudia la posibilidad de sistematizar un nuevo paradigma pedag\u00f3gico, denominable \u201cenfoque radical e inclusivo\u201d, orientado a renovar la Pedagog\u00eda y la Did\u00e1ctica General, mediante la redefinici\u00f3n de constructos como educaci\u00f3n, ense\u00f1anza, formaci\u00f3n, desarrollo docente, curr\u00edculo, educaci\u00f3n inclusiva, cambio educativo, etc. Promueve el cambio de una educaci\u00f3n basada en el aprendizaje a una educaci\u00f3n basada en el aprendizaje, el ego y la conciencia. Este enfoque ha permitido acceder a \u00e1mbitos radicales y definir disciplinas nuevas, como la Pedagog\u00eda prenatal o la Pedagog\u00eda de la muerte.<br>\n        <\/div>\n    <\/div>\n<div class=\"ponencia-social-area\">\n        <span class=\"ponencia-label\">PONENCIA EN VIVO:<\/span>\n        <a href=\"https:\/\/www.youtube.com\/watch?v=Um_hyzNcksY\" target=\"_blank\" class=\"ponencia-social-icon\" title=\"YouTube\">YT<\/a>\n\n<\/div>\n\n<\/div>\n<div class=\"creativia-ponencia-card\">\n\n    <div class=\"ponencia-info-top\">\n        <p><span class=\"ponencia-label\">Horario:<\/span> <span class=\"ponencia-value\">8 AM (M\u00e9x.) \u2013 11 AM (Arg.) \u2013 4 PM (Espa\u00f1a)<\/span><\/p>\n        <p><span class=\"ponencia-label\">T\u00edtulo:<\/span> <span class=\"ponencia-value-titulo\">El p\u00f3dcast: herramienta para fomentar el pensamiento cr\u00edtico.<\/span><\/p>\n        <p class=\"ponencia-description\">&#8220;El p\u00f3dcast constituye un recurso did\u00e1ctico innovador que contribuye con el fortalecimiento de destrezas comunicativas. Adem\u00e1s de ello, promueve el desarrollo integrado de las cuatro artes del lenguaje: leer, escribir, hablar y escuchar. Al implementarse dentro de una estrategia colaborativa, propicia el uso de t\u00e9cnicas como la discusi\u00f3n socializada, el debate y la argumentaci\u00f3n, junto con la creatividad que aflora durante el proceso de dise\u00f1o y producci\u00f3n del mismo. Por consiguiente, estas t\u00e9cnicas, unidas a la investigaci\u00f3n de tem\u00e1ticas diversas, fomentan el pensamiento cr\u00edtico en el estudiante. En definitiva, la experiencia educativa evidencia el potencial del p\u00f3dcast como un excelente recurso en el proceso de ense\u00f1anza-aprendizaje&#8221;.<\/p>\n    <\/div>\n\n    <div class=\"ponencia-speaker-area\">\n        \n        <div class=\"ponencia-speaker-id\">\n            <img decoding=\"async\" src=\"https:\/\/renacertech.net\/creativia24h\/wp-content\/uploads\/2026\/03\/Adelaida2.png\" alt=\"Adelaida Pag\u00e1n Vega\" class=\"ponencia-speaker-img\">\n            \n            <p class=\"ponente-name\">Adelaida Pag\u00e1n Vega<\/p>\n            <p class=\"ponente-country\">Puerto Rico<\/p>\n<p class=\"ponente-email\">eformativo360@gmail.com<\/p>\n\n        <\/div>\n        \n        <div class=\"ponencia-speaker-bio\">\n            <p class=\"ponente-label-bio\">Bio:<\/p>\n            <p class=\"ponente-text-bio\">Doctora en Educaci\u00f3n. Cuenta con 27 a\u00f1os de experiencia en el campo educativo. A lo largo de su quehacer como educadora, ha llevado a cabo diversos proyectos educativos, enfocados en el desarrollo de est\u00e1ndares esenciales en el estudio del espa\u00f1ol. Se considera una apasionada defensora de su lengua vern\u00e1cula y desea desarrollar esta misma pasi\u00f3n en sus estudiantes, a trav\u00e9s de lecturas que fomenten el pensamiento cr\u00edtico y la creatividad.<br>\nCentro educativo donde labora actualmente; Escuela Especializada Central de Artes Visuales. Colabora como facilitadora de proyectos en la Red iEARN. Desarrolla el proyecto Tertuliando sobre la lengua, el cual se enfoca en la creaci\u00f3n de p\u00f3dcast, mediante los cuales los estudiantes abordan diversos temas relacionados con el idioma espa\u00f1ol.<br><br>\nEspacio formativo 360: https:\/\/www.youtube.com\/@eformativo360<br>\n<br><\/p>\n        <\/div>\n    <\/div>\n\n    <div class=\"ponencia-social-area\">\n        <span class=\"ponencia-label\">Redes Sociales:<\/span>\n        <a href=\"www.linkedin.com\/in\/dra-adelaida-pag\u00e1n-342a753b5\" target=\"_blank\" class=\"ponencia-social-icon\" title=\"LinkedIn\">Li<\/a>\n    <\/div>\n<div class=\"ponencia-social-area\">\n        <span class=\"ponencia-label\">PONENCIA EN VIVO:<\/span>\n        <a href=\"https:\/\/www.youtube.com\/watch?v=5gI4cCuetg0\" target=\"_blank\" class=\"ponencia-social-icon\" title=\"YouTube\">YT<\/a>\n\n<\/div>\n<div class=\"ponencia-social-area\">\n        <span class=\"ponencia-label\">MENSAJE CREATIVO:<\/span>\n        <a href=\"https:\/\/www.youtube.com\/watch?v=o-IS_2aby7A\" target=\"_blank\" class=\"ponencia-social-icon\" title=\"YouTube\">YT<\/a>\n\n<\/div>\n<\/div>\n<div class=\"creativia-ponencia-card\">\n\n    <div class=\"ponencia-info-top\">\n        <p><span class=\"ponencia-label\">Horario:<\/span> <span class=\"ponencia-value\">2 PM (M\u00e9x.) \u2013 5 PM (Arg.) \u2013 10 PM (Espa\u00f1a)<\/span><\/p>\n        <p><span class=\"ponencia-label\">T\u00edtulo:<\/span> <span class=\"ponencia-value-titulo\">La Alquimia de la Pregunta: Potenciando la Agencia con RQI.<\/span><\/p>\n        <p class=\"ponencia-description\">&#8220;\u00bfC\u00f3mo transformar la curiosidad en el motor del aula exponencial? En esta ponencia, exploramos la integraci\u00f3n del modelo Right Question Institute (RQI) con la potencia de la Inteligencia Artificial Generativa. Presentaremos una experiencia pr\u00e1ctica donde los estudiantes pasan de ser consumidores de respuestas a arquitectos de su propia metodolog\u00eda&#8221;.<\/p>\n    <\/div>\n\n    <div class=\"ponencia-speaker-area\">\n        \n        <div class=\"ponencia-speaker-id\">\n            <img decoding=\"async\" src=\"https:\/\/renacertech.net\/creativia24h\/wp-content\/uploads\/2026\/03\/dulce2.jpg\" alt=\"Dulce Marisol Cobar de Paz\" class=\"ponencia-speaker-img\">\n            \n            <p class=\"ponente-name\">Dulce Marisol Cobar de Paz<\/p>\n            <p class=\"ponente-country\">Guatemala<\/p>\ndulcitadepaz@gmail.com\n        <\/div>\n        \n        <div class=\"ponencia-speaker-bio\">\n            <p class=\"ponente-label-bio\">Bio:<\/p>\n            <p class=\"ponente-text-bio\">Maestra de Educaci\u00f3n Primaria Urbana , Licenciada en Pedagog\u00eda y Administraci\u00f3n Educativa y con una Maestr\u00eda en Innovaci\u00f3n de la Docencia Universitaria. Con una trayectoria que abarca desde la educaci\u00f3n primaria hasta el nivel superior, actualmente se desempe\u00f1a como Asistente de la Decanatura de la Facultad de Humanidades en la Universidad Rafael Land\u00edvar.<br>\nCatedr\u00e1tica universitaria de los cursos &#8220;Ambientes de aprendizaje potenciados con TIC&#8221; y &#8220;Metodolog\u00edas y Tecnolog\u00edas de los aprendizajes&#8221;. Posee certificaciones en Google for Education Certified Trainer y Gemini Certified Educator.<br>\nEs L\u00edder de la Regi\u00f3n Sur-occidente del Grupo de Educadores Google (GEG) Guate. Ha sido ponente en espacios a nivel nacional e internacional, particip\u00f3 en el Simposio Google Champions en M\u00e9xico (2023) y Sao Paulo, Brasil (2025).<br>\nFue distinguida como Docente Innovadora Landivariana en 2024 y ha colaborado en la creaci\u00f3n de programas acad\u00e9micos enfocados en tecnolog\u00eda educativa.<br><br>\nSitio Web: https:\/\/sites.google.com\/view\/portafolio-dulce-cobar-de-paz\/docencia<br>\n<\/p>\nGEG Guate Sur-Occidente: https:\/\/sites.google.com\/geg-site.com\/geg-guate-occidente\/geg\n        <\/div>\n    <\/div>\n\n    <div class=\"ponencia-social-area\">\n        <span class=\"ponencia-label\">Redes Sociales:<\/span>\n        <a href=\"https:\/\/www.linkedin.com\/in\/dulce-de-paz\/\" target=\"_blank\" class=\"ponencia-social-icon\">Li<\/a>\n    <\/div><div class=\"ponencia-social-area\">\n        <span class=\"ponencia-label\">PONENCIA EN VIVO:<\/span>\n        <a href=\"https:\/\/www.youtube.com\/watch?v=NbnNBuf7iuY\" target=\"_blank\" class=\"ponencia-social-icon\" title=\"YouTube\">YT<\/a>\n<div class=\"ponencia-social-area\">\n        <span class=\"ponencia-label\">MENSAJE CREATIVO:<\/span>\n        <a href=\"https:\/\/www.youtube.com\/watch?v=o-IS_2aby7A\" target=\"_blank\" class=\"ponencia-social-icon\" title=\"YouTube\">YT<\/a>\n\n<\/div>\n<\/div>\n<\/div>\n\n\n\n\n\n\n\n\n\n\n\n\n\n\n\n\n\n\n\n\n\n\n\n\n\n<p>&nbsp; &nbsp;&nbsp;<\/p>\n\n\n\n\n\n\n\n<p><strong style=\"font-size: x-large;\"><a href=\"https:\/\/renacertech.net\/creativia24h\/#pilares\">REGRESAR<\/a><\/strong><\/p>\n\n\n<p style=\"text-align: right;\"><font size=\"5\"><strong><a href=\"https:\/\/renacertech.net\/creativia24h\/iaconproposito\/\">SIGUIENTE<\/a><\/strong><\/font><\/p>\n\n\n\n\n\n","protected":false},"excerpt":{"rendered":"","protected":false},"author":1,"featured_media":0,"parent":0,"menu_order":0,"comment_status":"closed","ping_status":"closed","template":"","meta":{"pagelayer_contact_templates":[],"_pagelayer_content":"","footnotes":""},"class_list":["post-250","page","type-page","status-publish","hentry"],"_links":{"self":[{"href":"https:\/\/renacertech.net\/creativia24h\/wp-json\/wp\/v2\/pages\/250","targetHints":{"allow":["GET"]}}],"collection":[{"href":"https:\/\/renacertech.net\/creativia24h\/wp-json\/wp\/v2\/pages"}],"about":[{"href":"https:\/\/renacertech.net\/creativia24h\/wp-json\/wp\/v2\/types\/page"}],"author":[{"embeddable":true,"href":"https:\/\/renacertech.net\/creativia24h\/wp-json\/wp\/v2\/users\/1"}],"replies":[{"embeddable":true,"href":"https:\/\/renacertech.net\/creativia24h\/wp-json\/wp\/v2\/comments?post=250"}],"version-history":[{"count":49,"href":"https:\/\/renacertech.net\/creativia24h\/wp-json\/wp\/v2\/pages\/250\/revisions"}],"predecessor-version":[{"id":642,"href":"https:\/\/renacertech.net\/creativia24h\/wp-json\/wp\/v2\/pages\/250\/revisions\/642"}],"wp:attachment":[{"href":"https:\/\/renacertech.net\/creativia24h\/wp-json\/wp\/v2\/media?parent=250"}],"curies":[{"name":"wp","href":"https:\/\/api.w.org\/{rel}","templated":true}]}}