{"id":337,"date":"2026-03-26T23:59:28","date_gmt":"2026-03-27T02:59:28","guid":{"rendered":"https:\/\/renacertech.net\/creativia24h\/?page_id=337"},"modified":"2026-04-24T20:41:09","modified_gmt":"2026-04-24T23:41:09","slug":"aprenderhaciendo","status":"publish","type":"page","link":"https:\/\/renacertech.net\/creativia24h\/aprenderhaciendo\/","title":{"rendered":"Pilar N\u00b0 3 del ADN"},"content":{"rendered":"\n\n\n\n<p>Lorem Ipsum has been the industry&#8217;s standard dummy text ever since the 1500s.<\/p>\n\n<h3>&nbsp;&nbsp;<br>Fomentar la colaboraci\u00f3n intercultural y la empat\u00eda en comunidades educativas interconectadas.<\/h3>\n\n<p>\u00a0 \u00a0<\/p>\n\n\n\n\n\n\n<h2>Ponencias:<\/h2>\n\n\n\n\n\n\n<div class=\"creativia-ponencia-card\">\n\n    <div class=\"ponencia-info-top\">\n        <p><span class=\"ponencia-label\">Horario:<\/span> <span class=\"ponencia-value\">3 AM (M\u00e9x.) &#8211; 6 AM (Arg.) &#8211; 11 AM (Espa\u00f1a)<\/span><\/p>\n        <p><span class=\"ponencia-label\">T\u00edtulo:<\/span> <span class=\"ponencia-value-titulo\">Aprender haciendo no transforma (si no hay sistema detr\u00e1s).<\/span><\/p>\n        <p class=\"ponencia-description\">&#8220;Hoy hay m\u00e1s proyectos que nunca en los centros educativos\u2026 y, sin embargo, la transformaci\u00f3n real sigue siendo escasa.<br>\nEn esta ponencia planteo una idea clave: aprender haciendo no transforma si no existe un sistema que lo sostenga. Porque el problema ya no es la falta de innovaci\u00f3n, sino la falta de coherencia, liderazgo y estructura para sostenerla en el tiempo.<br>\nA trav\u00e9s de una mirada clara y aplicable, descubrir\u00e1s por qu\u00e9 muchas iniciativas se diluyen y qu\u00e9 necesitan los centros para generar un cambio real, sostenible y con impacto.<br>\nUna invitaci\u00f3n a dejar de acumular proyectos y empezar a construir transformaci\u00f3n educativa de verdad.&#8221;<\/p>\n    <\/div>\n\n    <div class=\"ponencia-speaker-area\">\n        \n        <div class=\"ponencia-speaker-id\">\n            <img decoding=\"async\" src=\"https:\/\/renacertech.net\/creativia24h\/wp-content\/uploads\/2026\/03\/Mireia-Valdes-Llonch.png\" alt=\"Mireia Vald\u00e9s\" class=\"ponencia-speaker-img\">\n            \n            <p class=\"ponente-name\">Mireia Vald\u00e9s<\/p>\n            <p class=\"ponente-country\">Barcelona, Espa\u00f1a<\/p>\n<p class=\"ponente-email\">mvaldes@mireiavaldes.com<\/p>\n\n        <\/div>\n        \n        <div class=\"ponencia-speaker-bio\">\n            <p class=\"ponente-label-bio\">Bio:<\/p>\n            <p class=\"ponente-text-bio\">Mireia Vald\u00e9s es una de las primeras mentoras especializadas en emprendimiento y\ntransformaci\u00f3n educativa en el \u00e1mbito hispanohablante. Con m\u00e1s de 25 a\u00f1os de experiencia en centros educativos \u2014los \u00faltimos, al frente de proyectos de liderazgo y direcci\u00f3n de equipos docentes\u2014 decidi\u00f3 dar un paso m\u00e1s all\u00e1 para impulsar la transformaci\u00f3n del sector desde una mirada m\u00e1s libre, estrat\u00e9gica y sostenible. <br>\nEmprendedora desde hace m\u00e1s de una d\u00e9cada, ha combinado su trayectoria en la educaci\u00f3n con la creaci\u00f3n de varios proyectos empresariales. Hoy lidera Mireia Vald\u00e9s Group, un holding que integra distintas l\u00edneas de innovaci\u00f3n y desarrollo educativo. Entre\nellas, Educantia Associaci\u00f3, plataforma reconocida por el Departament d\u2019Educaci\u00f3 de Catalunya que ofrece formaciones homologadas y cursos online para docentes, actualmente en expansi\u00f3n hacia el resto de Espa\u00f1a y Latinoam\u00e9rica.<br>\nDesde la Agencia de Transformaci\u00f3n Educativa de Mireia Vald\u00e9s Group, acompa\u00f1a a equipos directivos y docentes en dos grandes \u00e1mbitos: el desarrollo de proyectos pedag\u00f3gicos innovadores mediante el M\u00e9todo Summa y la mentor\u00eda para profesionales de la educaci\u00f3n que quieren reinventarse y emprender con prop\u00f3sito.<br>\nEs tambi\u00e9n creadora del P\u00f3dcast \u00abEl Negocio de Ser Profe\u00bb, un espacio de referencia donde comparte estrategias, inspiraci\u00f3n y experiencias reales sobre c\u00f3mo convertir la vocaci\u00f3n docente en una carrera profesional s\u00f3lida y sostenible.<br>\nSu misi\u00f3n es clara: ayudar a los profesionales y equipos educativos a descubrir que pueden generar impacto, coherencia y libertad desde su propio conocimiento, y que la transformaci\u00f3n educativa comienza siempre con un liderazgo consciente y compartido.<br><br>\nSitios Web:<br>\nhttps:\/\/mireiavaldes.com\/ <br>\nhttp:\/\/educantia.cat\/\n<br>\n            <\/p>\n        <\/div>\n    <\/div>\n\n    <div class=\"ponencia-social-area\">\n        <span class=\"ponencia-label\">Redes Sociales:<\/span>\n        <a href=\" www.linkedin.com\/in\/mireiavaldes\" target=\"_blank\" class=\"ponencia-social-icon\" title=\"Linkedin\">Ln<\/a>\n<a href=\"https:\/\/www.instagram.com\/mireia_valdes\" target=\"_blank\" class=\"ponencia-social-icon\" title=\"Instagram\">Ins<\/a>    <\/div>\n<div class=\"ponencia-social-area\">\n        <span class=\"ponencia-label\">PONENCIA EN VIVO:<\/span>\n        <a href=\"https:\/\/www.youtube.com\/watch?v=5PVHY3Ikha8\" target=\"_blank\" class=\"ponencia-social-icon\" title=\"YouTube\">YT<\/a>\n<\/div>\n\n\n\n\n<div class=\"creativia-ponencia-card\">\n\n    <div class=\"ponencia-info-top\">\n        <p><span class=\"ponencia-label\">Horario:<\/span> <span class=\"ponencia-value\">7 PM (M\u00e9x.) \u2013 10 PM (Arg.) \u2013 3 AM (Espa\u00f1a)<\/span><\/p>\n        <p><span class=\"ponencia-label\">T\u00edtulo:<\/span> <span class=\"ponencia-value-titulo\">Chimeleta, revolotea llevando ideas Maker STEAM.<\/span><\/p>\n        <p class=\"ponencia-description>A partir del uso de interfaces f\u00edsicas, se pueden crear proyectos que integran el pensamiento computacional y la cultura Maker.<br>\n<\/p>\n\n    <\/div>\n\n    <div class=\"ponencia-speaker-area\">\n        \n        <div class=\"ponencia-speaker-id\">\n            <img decoding=\"async\" src=\"https:\/\/renacertech.net\/creativia24h\/wp-content\/uploads\/2026\/03\/andrea2.png\" alt=\"Andrea Beatriz Rocca\" class=\"ponencia-speaker-img\">\n            \n           <p class=\"ponente-name\">Andrea Beatriz Rocca<\/p>\n            <p class=\"ponente-country\">Buenos Aires, Argentina<\/p>\n<p class=\"ponente-email\">cursosmoviles@gmail.com<\/p>\n        <\/div>\n        \n        <div class=\"ponencia-speaker-bio\">\n            <p class=\"ponente-label-bio\">Bio:<\/p>\n            <p class=\"ponente-text-bio\">\n               Especialista en educaci\u00f3n y tecnolog\u00edas digitales. Analista de sistemas y profesora, con formaci\u00f3n en rob\u00f3tica educativa, inteligencia artificial y dise\u00f1o instruccional.<br>\nTras m\u00e1s de veinte a\u00f1os dedicada al an\u00e1lisis y desarrollo de sistemas en empresas multinacionales y proyectos de digitalizaci\u00f3n patrimonial, decidi\u00f3 orientar su experiencia tecnol\u00f3gica hacia la educaci\u00f3n. Desde entonces, trabaja en la integraci\u00f3n significativa de la inform\u00e1tica en el aula.<br>\nCoordina el \u00e1rea de Pensamiento Computacional en Chicos.net, incluyendo el programa de docentes remotos del Plan Ceibal y el desaf\u00edo Bebras Argentina. Se desempe\u00f1a como docente en el Ministerio de Educaci\u00f3n de la Ciudad de Buenos Aires.<br>\nHa liderado y participado en programas de actualizaci\u00f3n en Ciencias de la Computaci\u00f3n, formaci\u00f3n docente y desarrollo de propuestas de e-learning, integrando producci\u00f3n de contenidos, gesti\u00f3n de entornos virtuales y coordinaci\u00f3n acad\u00e9mica.<br>\nEs cofundadora de Geniateka, iniciativa dedicada a la formaci\u00f3n y desarrollo de propuestas innovadoras en tecnolog\u00eda educativa. Co-inventora de Chimeleta, dispositivo de computaci\u00f3n f\u00edsica para el aula, y coautora de libros sobre micro:bit y programaci\u00f3n creativa. Miembro de ADICRA.\n<br><br>\nIG: https:\/\/www.instagram.com\/andrearocca1\/ <br>\nLinkedin  https:\/\/www.linkedin.com\/in\/andrearocca64\/\n<br><br>\n        \n    <\/div>\n\n<div class=\"ponencia-speaker-area\">\n        \n        <div class=\"ponencia-speaker-id\">\n            <img decoding=\"async\" src=\"https:\/\/renacertech.net\/creativia24h\/wp-content\/uploads\/2026\/03\/Marisa2.png\" alt=\"Marisa Elena Conde\" class=\"ponencia-speaker-img\">\n            \n            <p class=\"ponente-name\">Marisa Elena Conde<\/p>\n            <p class=\"ponente-country\">Buenos Aires, Argentina<\/p>\n<p class=\"ponente-email\">marisacon@gmail.com<\/p>\n\n        <\/div>\n               <div class=\"ponencia-speaker-bio\">\n            <p class=\"ponente-label-bio\">Bio:<\/p>\n            <p class=\"ponente-text-bio\">\n               Profesora en T\u00e9cnicas Inform\u00e1ticas Aplicadas a la Computaci\u00f3n Instituto Superior del Profesorado, Dr Joaqu\u00edn Victor Gonz\u00e1lez, (\u201cISPJVG\u201d). Master en Videojuegos y Educaci\u00f3n (Univ. de Valencia, Espa\u00f1a). Especialista en Tecnolog\u00eda Educativa, por la Universidad Buenos Aires (UBA). es directora de la Lic. en Dise\u00f1o de videojuegos y Tecnolog\u00edas creativas en la Univ Cat\u00f3lica de Santa Fe, sede Posadas Prov. de Misiones, Se desempe\u00f1a como docente en la Universidad Nacional de Jos\u00e9 C. Paz, en el Instituto Superior del Profesorado T\u00e9cnico, dependiente de la Universidad Tecnol\u00f2gica Nacional, en la Universidad Nacional. Ra\u00fal Scalabrini y Ortiz, en la Univ Cat\u00f3lica de Salta, en Aula Abierta (Extensi\u00f3n de la Universidad Nacional del Comahue) y en la Univ de Flores.<br>\n\nCoordinadora de Formadores en el programa de Actualizaci\u00f3n acad\u00e9mica en Ciencias de la Computaci\u00f3n, destinado a docentes de la Prov. de Buenos Aires. Argentina.<br>\n\nForma parte de la Fundaci\u00f3n FEPAIS, en el rol de asesora tecno-pedag\u00f3gica.\n<br>\nEs contenidista y tutora virtual en capacitaci\u00f3n docente para varias instituciones educativas tanto p\u00fablicas como privadas. CEO de Geniateka, un Fab Lab en el que se propone una manera diferente de interactuar con la tecnolog\u00eda.\n\nAutora de diversas publicaciones.\n<br><div class=\"ponencia-social-area\">\n        <span class=\"ponencia-label\">PONENCIA EN VIVO:<\/span>\n        <a href=\"https:\/\/www.youtube.com\/watch?v=rNk9SKqxp_8\" target=\"_blank\" class=\"ponencia-social-icon\" title=\"YouTube\">YT<\/a>\n<div class=\"ponencia-social-area\">\n        <span class=\"ponencia-label\">MENSAJE CREATIVO:<\/span>\n        <a href=\"https:\/\/www.youtube.com\/watch?v=OFRmM9ZaxyA\" target=\"_blank\" class=\"ponencia-social-icon\" title=\"YouTube\">YT<\/a>\n\n<\/div>\n\n\n<\/div>\n\n        <\/div>\n \n   <\/div>\n<div class=\"creativia-ponencia-card\">\n\n    <div class=\"ponencia-info-top\">\n        <p><span class=\"ponencia-label\">Horario:<\/span> <span class=\"ponencia-value\">7 PM (M\u00e9x.) &#8211; 10 PM (Arg.) &#8211; 3 AM (Espa\u00f1a)<\/span><\/p>\n        <p><span class=\"ponencia-label\">T\u00edtulo:<\/span> <span class=\"ponencia-value-titulo\">Mascota sensorial maker con micro:bit.<\/span><\/p>\n        <p class=\"ponencia-description\">Aprende sobre micro:bit de forma l\u00fadica creando tu mascota sensorial y explora los sensores de luz, sonido, temperatura y movimiento creando tu propia mascota maker<\/p>\n    <\/div>\n\n    <div class=\"ponencia-speaker-area\">\n        \n        <div class=\"ponencia-speaker-id\">\n            <img decoding=\"async\" src=\"https:\/\/renacertech.net\/creativia24h\/wp-content\/uploads\/2026\/03\/ClaudiaP2.png\" alt=\"Claudia Perfecto\" class=\"ponencia-speaker-img\">\n            \n            <p class=\"ponente-name\">Claudia Perfecto<\/p>\n            <p class=\"ponente-country\">San Luis Potos\u00ed, M\u00e9xico<\/p>\n<p class=\"ponente-email\">clauperfecto@gmail.com<\/p>\n        <\/div>\n        \n        <div class=\"ponencia-speaker-bio\">\n            <p class=\"ponente-label-bio\">Bio:<\/p>\n            <p class=\"ponente-text-bio\">\n             Ingeniero en computaci\u00f3n por la Universidad Aut\u00f3noma de San Luis Potos\u00ed, con maestr\u00eda en educaci\u00f3n basada en competencias. Con m\u00e1s de 20 a\u00f1os de experiencia docente, se especializa en la integraci\u00f3n significativa de tecnolog\u00eda educativa y metodolog\u00edas activas como ABP y enfoque STEAM en el aula. <br>\nCuenta con certificaciones internacionales como Google Innovator y Google Trainer, es Apple Learning Coach, Canvassador y mediadora certificada por la Miami Research University en aprendizaje cooperativo. Ha destacado en programas internacionales como ScratchPals y Girls Design with Code, impulsando el talento femenino en STEM. Actualmente, colabora con la Fundaci\u00f3n Micro:bit y la Red de Docentes STEAM LATAM, adem\u00e1s de liderar el GEG San Luis Potos\u00ed. Se desempe\u00f1a como Coordinadora de Innovaci\u00f3n y Tecnolog\u00eda en el Instituto Lomas del Real, facilitando procesos de transformaci\u00f3n digital para docentes y alumnos.\n\n            <\/p>\n        <\/div>\n    <\/div>\n\n    <div class=\"ponencia-social-area\">\n        <span class=\"ponencia-label\">Redes Sociales:<\/span>\n        <a href=\"https:\/\/www.linkedin.com\/in\/claudia-perfecto\/\" target=\"_blank\" class=\"ponencia-social-icon\" title=\"Linkedin\">Li<\/a>\n        <a href=\"https:\/\/www.instagram.com\/clauperfecto\/\" target=\"_blank\" class=\"ponencia-social-icon\" title=\"Instagram\">Ins<\/a>\n    <\/div>\n<div class=\"ponencia-social-area\">\n        <span class=\"ponencia-label\">PONENCIA EN VIVO:<\/span>\n        <a href=\"https:\/\/www.youtube.com\/watch?v=lAyLUaPnZnk\" target=\"_blank\" class=\"ponencia-social-icon\" title=\"YouTube\">YT<\/a>\n\n<\/div>\n\n<\/div>\n<\/div>\n\n\n\n\n\n\n\n\n\n\n\n\n\n\n<p>Lorem Ipsum has been the industry&#8217;s standard dummy text ever since the 1500s.<\/p>\n\n\n\n\n<p><strong style=\"font-size: x-large;\"><a href=\"https:\/\/renacertech.net\/creativia24h\/#pilares\">REGRESAR<\/a><\/strong><\/p>\n\n\n\n<p style=\"text-align: right;\"><font size=\"5\"><strong><a href=\"https:\/\/renacertech.net\/creativia24h\/puentesdigitales\/\">SIGUIENTE<\/a><\/strong><\/font><\/p>\n\n\n\n<p>Lorem Ipsum has been the industry&#8217;s standard dummy text ever since the 1500s.<\/p>\n\n\n\n","protected":false},"excerpt":{"rendered":"","protected":false},"author":1,"featured_media":0,"parent":0,"menu_order":0,"comment_status":"closed","ping_status":"closed","template":"","meta":{"pagelayer_contact_templates":[],"_pagelayer_content":"","footnotes":""},"class_list":["post-337","page","type-page","status-publish","hentry"],"_links":{"self":[{"href":"https:\/\/renacertech.net\/creativia24h\/wp-json\/wp\/v2\/pages\/337","targetHints":{"allow":["GET"]}}],"collection":[{"href":"https:\/\/renacertech.net\/creativia24h\/wp-json\/wp\/v2\/pages"}],"about":[{"href":"https:\/\/renacertech.net\/creativia24h\/wp-json\/wp\/v2\/types\/page"}],"author":[{"embeddable":true,"href":"https:\/\/renacertech.net\/creativia24h\/wp-json\/wp\/v2\/users\/1"}],"replies":[{"embeddable":true,"href":"https:\/\/renacertech.net\/creativia24h\/wp-json\/wp\/v2\/comments?post=337"}],"version-history":[{"count":19,"href":"https:\/\/renacertech.net\/creativia24h\/wp-json\/wp\/v2\/pages\/337\/revisions"}],"predecessor-version":[{"id":675,"href":"https:\/\/renacertech.net\/creativia24h\/wp-json\/wp\/v2\/pages\/337\/revisions\/675"}],"wp:attachment":[{"href":"https:\/\/renacertech.net\/creativia24h\/wp-json\/wp\/v2\/media?parent=337"}],"curies":[{"name":"wp","href":"https:\/\/api.w.org\/{rel}","templated":true}]}}